{"id":42,"date":"2016-06-02T17:19:39","date_gmt":"2016-06-02T17:19:39","guid":{"rendered":"http:\/\/presiko.com.previewmysite.com\/?page_id=42"},"modified":"2026-03-26T15:01:59","modified_gmt":"2026-03-26T19:01:59","slug":"acceuil","status":"publish","type":"page","link":"http:\/\/presiko.com.previewmysite.com\/","title":{"rendered":"Accueil"},"content":{"rendered":"<h3 style=\"text-align: center;\">Chaque projet est unique.<br data-start=\"959\" data-end=\"962\" \/>Notre mission : le concr\u00e9tiser avec pr\u00e9cision.<\/h3>\n<p style=\"text-align: center;\">L\u2019\u00e9quipe tr\u00e8s dynamique des Ateliers Pr\u00e9siko peut vous offrir des services tr\u00e8s complets allant de la digitalisation d\u2019une pi\u00e8ce jusqu\u2019\u00e0 la fabrication d\u2019un moule pour celle-ci, en passant par la mod\u00e9lisation 3D de cette pi\u00e8ce, la conception et le dessin du moule lui-m\u00eame.<br \/><strong>Les Ateliers Pr\u00e9siko sont donc en mesure de vous offrir un produit cl\u00e9 en main et ce,\u00a0<\/strong><strong>dans les meilleurs d\u00e9lais!<\/strong><\/p>\n<\/p>\n\n\n<figure class=\"wp-block-embed aligncenter is-type-video is-provider-youtube wp-block-embed-youtube wp-embed-aspect-16-9 wp-has-aspect-ratio\"><div class=\"wp-block-embed__wrapper\">\n<iframe loading=\"lazy\" title=\"Les Ateliers Pr\u00e9siko inc.\" width=\"1170\" height=\"658\" src=\"https:\/\/www.youtube.com\/embed\/4qFECTE0EVs?feature=oembed\" frameborder=\"0\" allow=\"accelerometer; autoplay; clipboard-write; encrypted-media; gyroscope; picture-in-picture; web-share\" referrerpolicy=\"strict-origin-when-cross-origin\" allowfullscreen><\/iframe>\n<\/div><\/figure>\n","protected":false},"excerpt":{"rendered":"<p>Chaque projet est unique.Notre mission : le concr\u00e9tiser avec pr\u00e9cision. L\u2019\u00e9quipe tr\u00e8s dynamique des Ateliers Pr\u00e9siko peut vous offrir des services tr\u00e8s [&hellip;]<\/p>\n","protected":false},"author":1,"featured_media":0,"parent":0,"menu_order":0,"comment_status":"closed","ping_status":"closed","template":"","meta":{"footnotes":""},"class_list":["post-42","page","type-page","status-publish","hentry"],"_links":{"self":[{"href":"http:\/\/presiko.com.previewmysite.com\/index.php?rest_route=\/wp\/v2\/pages\/42","targetHints":{"allow":["GET"]}}],"collection":[{"href":"http:\/\/presiko.com.previewmysite.com\/index.php?rest_route=\/wp\/v2\/pages"}],"about":[{"href":"http:\/\/presiko.com.previewmysite.com\/index.php?rest_route=\/wp\/v2\/types\/page"}],"author":[{"embeddable":true,"href":"http:\/\/presiko.com.previewmysite.com\/index.php?rest_route=\/wp\/v2\/users\/1"}],"replies":[{"embeddable":true,"href":"http:\/\/presiko.com.previewmysite.com\/index.php?rest_route=%2Fwp%2Fv2%2Fcomments&post=42"}],"version-history":[{"count":27,"href":"http:\/\/presiko.com.previewmysite.com\/index.php?rest_route=\/wp\/v2\/pages\/42\/revisions"}],"predecessor-version":[{"id":154,"href":"http:\/\/presiko.com.previewmysite.com\/index.php?rest_route=\/wp\/v2\/pages\/42\/revisions\/154"}],"wp:attachment":[{"href":"http:\/\/presiko.com.previewmysite.com\/index.php?rest_route=%2Fwp%2Fv2%2Fmedia&parent=42"}],"curies":[{"name":"wp","href":"https:\/\/api.w.org\/{rel}","templated":true}]}}